
Is 688549 prime?
False
Is 1176529 a prime number?
True
Is 21210367 a prime number?
True
Is 22922059 prime?
False
Is 36911887 a composite number?
True
Is 258883619 a prime number?
True
Is 4091077 prime?
False
Is 12843773 a composite number?
True
Is 1955301 a prime number?
False
Is 443929 prime?
False
Is 1056709 a composite number?
True
Is 1480159 composite?
True
Is 2439599 a prime number?
False
Is 214986293 prime?
True
Is 11778283 a composite number?
True
Is 15780343 prime?
False
Is 445169767 a composite number?
True
Is 3912367 composite?
False
Is 557381 composite?
True
Is 2363477027 a prime number?
True
Is 7957009 prime?
False
Is 5638752007 a prime number?
False
Is 994241 a prime number?
True
Is 21295565 prime?
False
Is 141272419 a composite number?
True
Is 889549 a prime number?
False
Is 1503553 a composite number?
True
Is 3150907 prime?
True
Is 68089946 composite?
True
Is 1837749 a composite number?
True
Is 3501863 composite?
False
Is 1625171 prime?
True
Is 5144351 a prime number?
True
Is 44775179 a composite number?
True
Is 2219449 composite?
False
Is 1423373 a composite number?
True
Is 37697307 prime?
False
Is 14474893 prime?
True
Is 679458287 a prime number?
True
Is 7182473 composite?
False
Is 12288907 a composite number?
False
Is 9162761 a composite number?
False
Is 41801549 composite?
False
Is 73107085 composite?
True
Is 14580253 a prime number?
False
Is 785200091 prime?
False
Is 4149583 prime?
False
Is 2293391 composite?
False
Is 5216033 a prime number?
False
Is 361435201 prime?
True
Is 11309501 a composite number?
True
Is 115704773 prime?
True
Is 26975827 composite?
True
Is 915711619 composite?
False
Is 24701257 prime?
False
Is 232681387 a prime number?
True
Is 1523849 composite?
False
Is 603247 a prime number?
False
Is 7393849 prime?
True
Is 1671547 composite?
True
Is 19779293 a composite number?
False
Is 2501218 a composite number?
True
Is 53563463 composite?
True
Is 226640789 a composite number?
True
Is 166150147 a prime number?
False
Is 5483521 prime?
True
Is 1065299 a composite number?
True
Is 24749 a prime number?
True
Is 87597511 a composite number?
False
Is 23707 a prime number?
False
Is 38254787 a composite number?
False
Is 11189711 a prime number?
False
Is 432811 composite?
True
Is 131872843 composite?
False
Is 8347619 composite?
True
Is 66590099 prime?
False
Is 1554193 composite?
False
Is 3035993 a prime number?
True
Is 10638527 a prime number?
False
Is 2758397 a composite number?
False
Is 3684049 a prime number?
False
Is 246102391 prime?
True
Is 27615247 a composite number?
True
Is 72022723 a prime number?
True
Is 10025201 prime?
True
Is 20935237 composite?
True
Is 49077811 composite?
False
Is 1026911 a composite number?
False
Is 202546 a composite number?
True
Is 14452055 composite?
True
Is 3426937 a prime number?
True
Is 50174153 prime?
False
Is 3823349 a composite number?
False
Is 219503749 a composite number?
False
Is 1374367 a prime number?
True
Is 21475821 a prime number?
False
Is 636133 prime?
True
Is 277726517 composite?
False
Is 30132983 a prime number?
False
Is 2037895 a composite number?
True
Is 50227613 composite?
True
Is 27715043 prime?
False
Is 79971851 composite?
True
Is 22861681 composite?
True
Is 31532167 a composite number?
False
Is 417461 a composite number?
True
Is 97832149 a prime number?
True
Is 35661731 composite?
True
Is 9010381 composite?
False
Is 974305 a prime number?
False
Is 6584257 a composite number?
True
Is 3761701 a prime number?
True
Is 296051 composite?
True
Is 871847 a composite number?
True
Is 47263803 prime?
False
Is 478489 prime?
False
Is 230192473 composite?
True
Is 95984797 a composite number?
True
Is 6566555 composite?
True
Is 51046405 composite?
True
Is 4271065 a prime number?
False
Is 15482447 a prime number?
True
Is 80206387 composite?
True
Is 43955957 a prime number?
False
Is 2459657 a composite number?
False
Is 36054931 a prime number?
False
Is 450539 prime?
False
Is 75775907 a prime number?
False
Is 580457 a prime number?
False
Is 624229 a composite number?
False
Is 64758895 a prime number?
False
Is 50094857 prime?
True
Is 2311843 a composite number?
False
Is 66337783 a prime number?
False
Is 20156557 prime?
True
Is 95450297 a prime number?
False
Is 128500973 a prime number?
False
Is 782723 a composite number?
False
Is 6452135 a prime number?
False
Is 300651467 a composite number?
False
Is 3951371 a prime number?
True
Is 2526317 a prime number?
True
Is 291989 a prime number?
False
Is 69160939 a prime number?
False
Is 599033 a composite number?
True
Is 9551429 composite?
False
Is 4014133 a prime number?
True
Is 447607 prime?
False
Is 4801553 a prime number?
True
Is 22100941 a prime number?
True
Is 17658349 prime?
True
Is 2037935 prime?
False
Is 417167843 prime?
True
Is 8333285 composite?
True
Is 6436753 prime?
False
Is 93403217 prime?
False
Is 91553591 prime?
False
Is 352301 a prime number?
True
Is 27000119 prime?
True
Is 29454847 a composite number?
True
Is 17938667 prime?
True
Is 23747291 prime?
False
Is 83771701 prime?
False
Is 17746441 prime?
False
Is 1306339 a composite number?
False
Is 2083437541 a prime number?
True
Is 59746387 prime?
False
Is 177274543 composite?
False
Is 13434499 composite?
True
Is 31946741 prime?
True
Is 2174167 prime?
False
Is 110822 a prime number?
False
Is 114263801 a composite number?
False
Is 486231241 composite?
False
Is 6126889 composite?
True
Is 7718369 a prime number?
True
Is 4083091 a composite number?
True
Is 169891313 a composite number?
False
Is 247501 composite?
False
Is 22529107 composite?
True
Is 4469207 prime?
True
Is 214017 composite?
True
Is 76811219 a prime number?
False
Is 1632509 a prime number?
True
Is 2610901 prime?
True
Is 8083897 a composite number?
False
Is 652513 prime?
False
Is 55243073 prime?
False
Is 21518239 prime?
True
Is 644269 a prime number?
False
Is 39709893 a composite number?
True
Is 2070154 a composite number?
True
Is 2502317 composite?
False
Is 339166661 a composite number?
False
Is 83184341 composite?
False
Is 5507987 a composite number?
True
Is 358095439 a prime number?
False
Is 5124719 a prime number?
False
Is 2532083 prime?
True
Is 7901977 composite?
True
Is 61279 composite?
True
Is 371196593 prime?
False
Is 52443409 a composite number?
False
Is 133484467 a prime number?
True
Is 9717899 composite?
False
Is 671519 a composite number?
False
Is 2807591 composite?
False
Is 33533083 a composite number?
False
Is 3415099 a composite number?
False
Is 16475327 a composite number?
True
Is 19701403 a prime number?
True
Is 562187 prime?
False
Is 12551221 a composite number?
True
Is 765707 a prime number?
True
Is 17709243 a prime number?
False
Is 1741043 a prime number?
False
Is 4870219 a prime number?
True
Is 14899393 a composite number?
True
Is 98040905 prime?
False
Is 5696753 composite?
False
Is 62752451 a prime number?
True
Is 797114297 prime?
False
Is 9335933 a composite number?
False
Is 591119 composite?
True
Is 4037009 composite?
True
Is 134336947 prime?
True
Is 118264009 a prime number?
False
Is 54219063 composite?
True
Is 37855901 a composite number?
False
Is 61482691 a prime number?
False
Is 5723371 a prime number?
False
Is 4722854 prime?
False
Is 52880609 a prime number?
False
Is 185421415 composite?
True
Is 929697 prime?
False
Is 2939219 composite?
False
Is 1529107 prime?
False
Is 48900251 prime?
True
Is 17045971 prime?
True
Is 4959371 composite?
False
Is 41833741 a composite number?
False
Is 30116633 prime?
False
Is 9163243 composite?
False
Is 199425359 a composite number?
True
Is 537289 prime?
False
Is 627577 a prime number?
False
Is 262650019 composite?
True
Is 2060647 a prime number?
False
Is 258498047 composite?
True
Is 17878857 prime?
False
Is 1014029 prime?
True
Is 200767823 a prime number?
False
Is 94620371 composite?
False
Is 17503681 prime?
False
Is 3527411 prime?
True
Is 890311 composite?
True
Is 1034767 prime?
True
Is 26115091 composite?
True
Is 37333 a prime number?
False
Is 2876591 a composite number?
False
Is 611389 composite?
False
Is 340033 prime?
False
Is 84827 prime?
True
Is 171590713 composite?
True
Is 19285529 composite?
False
Is 1985041 composite?
False
Is 19226369 a prime number?
False
Is 3991423 a composite number?
True
Is 147841 a composite number?
True
Is 10846819 a composite